-20)?
3
What is the value of 2 - (-5 - (-1 + -2))?
4
Calculate (0 - (1 + -5) - 7) + 2.
-1
What is -12 + (-1 - 0 - -8)?
-5
Calculate -2 + (-2 - (0 + -3 + -2)).
1
Calculate 5 + (1 - (-5 + 11)).
0
Evaluate (-2 - -1 - -6 - 7) + 9.
7
Calculate -2 - (-10 + 1 - (13 + -21)).
-1
What is the value of 1 + 8 - (-117 - -118)?
8
(-4 - -4) + -3 + 0
-3
Evaluate 1 + 2 - (24 + -12 - 3).
-6
Evaluate (0 - 4 - -4) + 4 + 0.
4
10 - (-8 + 5 - -7) - 11
-5
-3 + -13 + 8 + 7 + -1
-2
What is -2 + 1 - (-5 + 2)?
2
What is -4 + -2 + (3 - (-8 - -8))?
-3
2 - -2 - (5 + -2)
1
Evaluate (-7 - -8 - 10) + 0.
-9
What is the value of -6 + 3 + -2 + (-3 - -3)?
-5
Evaluate (-4 - -6) + -3 + -6 + 2.
-5
Calculate 2 + 12 + -11 + 4.
7
What is the value of -21 + 18 - (-1 - 3)?
1
Evaluate (11 - 7) + 3 + -5.
2
What is 6 + 0 + -9 + (8 - 3)?
2
-4 + (-1 + -2 - -11) - 0
4
Evaluate (-4 - (-1 + 2)) + 4 - -4.
3
(-2 - 0) + (9 - 8) + 6
5
Evaluate 12 + -1 - (-10 + 0 - -15).
6
What is 4 + 4 + 0 + -4?
4
Calculate 4 + (-2 - 2 - -1).
1
What is the value of 19 - (15 - (10 + -1)) - 4?
9
5 + -2 - (-8 + 4 + 2)
5
What is 8 + (-3 - (-3 - -4))?
4
What is (2 - 0) + -8 + (3 - 1)?
-4
-3 - (-7 - (-9 - 1))
-6
Evaluate -1 - (-3 + (4 - -3)).
-5
-11 - -10 - (-4 + (-2 - -5))
0
Evaluate (0 - 0) + -2 + 5 - 3.
0
Calculate (-1 - -4 - (3 - 5)) + -3.
2
Evaluate 6 + 6 + -9 - (-4 + 1).
6
What is -1 - 2 - (5 + -3 + 0)?
-5
Evaluate -2 + (5 - 4) + -2.
-3
What is 15 - 15 - (3 - 8)?
5
16 + -1 + (-10 - 2)
3
What is -7 - -3 - (-5 - -2)?
-1
7 + (-2 - 7) + 7
5
What is (-4 - 0) + (3 - (9 - 6))?
-4
-13 + 21 + (-7 - 2) + 4
3
-4 + (5 - 0 - 5)
-4
Calculate -1 + (1 - (1 + 0) - -2).
1
What is -63 - -56 - (2 - -1 - 1)?
-9
What is -3 - ((-5 - -3) + -1) - 3?
-3
2 + (6 - 1) + -6 + -1
0
What is the value of -4 - (-4 + 3 + 1) - 1?
-5
What is (1 - (-2 + 3) - -7) + -5?
2
Calculate 3 + (1 - -4 - 4).
4
What is the value of 8 + 1 + -8 + 1 + 3?
5
7 + (8 - (20 + -7))
2
What is the value of -12 + 15 - (1 - 1)?
3
Calculate -11 + 10 - (-2 + -3).
4
Evaluate 108 + -108 - (-1 + -1).
2
What is the value of -3 + -2 + -3 + 3?
-5
Calculate -12 + 10 + -2 - -1.
-3
Evaluate 2 + 8 - 19 - (0 - 18).
9
6 + -2 + (2 - 3) + -2
1
What is the value of -1 + (-11 - -2) + 6?
-4
What is (-4 - (-9 - 6)) + 1 + -2?
10
What is the value of -4 - (-10 + (7 - 5))?
4
What is 7 + -7 + (0 - 4) + 2?
-2
Evaluate 10 - -1 - ((1 - -9) + -5).
6
Calculate -1 - -4 - (4 - (10 - 8)).
1
(3 - 3) + -1 + 0 - 1
-2
What is 59 + -76 + (9 - 0)?
-8
0 + (-5 - (-7 + -2))
4
What is the value of 3 - (4 + 2 + -7)?
4
What is the value of (3 - 2) + (-1 - 0)?
0
Evaluate (-1 - -8) + (-4 - 2) - -6.
7
Calculate -2 + -1 - (2 - 3) - 0.
-2
Calculate 4 - (1 + (-3 - -2)) - 4.
0
Evaluate (19 - 6) + -15 - (-1 - -4).
-5
What is -21 + (6 - -2) - -7 - 1?
-7
What is (18 - 9) + (-14 - -3)?
-2
What is the value of 1 + (1 - -2 - -1)?
5
What is the value of -4 + 0 + (3 - 2) - -1?
-2
What is 5 + (-10 - 1 - -8)?
2
What is the value of 2 + (2 - (0 - -1))?
3
0 + 5 + -23 + (2 - -11)
-5
Evaluate 3 + -11 - (-3 - 0).
-5
(-3 - 5) + 4 + 3 + -1
-2
What is (0 - -4) + (7 - 7)?
4
-2 + (9 - -1) - 3
5
What is the value of -2 - ((-2 - 2) + 2)?
0
Calculate -2 - (1 - (9 + -6)).
0
Calculate 7 - (-4 - (-8 + 1)).
4
Calculate 17 + -2 + -65 + 56.
6
What is (8 + -2 - 9) + -1 + -3?
-7
Evaluate -14 + 7 + 5 - (1 + -1).
-2
Calculate (1 + 5 + -13 - -2) + 9.
4
Calculate 4 - (-3 - (-4 - 0)).
3
0 - 0 - (-18 + 19) - -1
0
What is the value of -3 + 10 - 4 - 8 - 0?
-5
Calculate 1 + -4 + -1 + (-187 - -191).
0
What is (1 - 8) + 22 + -20?
-5
What is -9 + 11 + (-6 - -1)?
-3
Evaluate -7 + 0 + 4 - -7.
4
What is -2 + 0 + -3 - -9?
4
Calculate 2 + 3 - 3 - (-7 - -11).
-2
Evaluate -3 - 0 - ((7 - 2) + -11).
3
(-5 - 0) + 25 + -20
0
What is (-2 - -3) + (3 - 5 - -5)?
4
What is -4 + (6 - 1 - (-67 + 71))?
-3
3 + -1 - (-2 + 4 + -2)
2
Evaluate 0 + 0 + -2 - 0.
-2
What is the value of -6 - (4 + -4 + -4)?
-2
What is the value of -9 + 2 + 7 - (1 - -1)?
-2
What is 0 - -12 - (-35 - -36) - 5?
6
-7 + (4 - (-1 - 2))
0
Calculate 2 + (4 - 4) + 0.
2
What is the value of 13 + (-15 - -14) - 18?
-6
What is the value of -13 - (-3 + -1 + -2 + 2)?
-9
Calculate 3 + 26 + -21 + (-1 - 1).
6
Calculate -6 + 1 - -2 - 1.
-4
What is (-1 - -1 - 3) + -2?
-5
Evaluate 0 + 9 + -13 - 4.
-8
What is -1 - (2 + 1 + (-1 - 6))?
3
Evaluate -5 - (-4 + (1 - 9)).
7
(-12 - (-8 - 2)) + 9
7
Calculate 13 + -10 - ((-3 - -2) + 0).
4
What is the value of 10 - (-6 + -5 + 17)?
4
What is 0 + -3 + 1 + (13 - 5)?
6
6 - (-1 + 6) - 4
-3
Evaluate 9 - (-3 - -6) - 6.
0
What is the value of -4 + -3 + 4 - -1?
-2
What is the value of 0 + -4 + 13 + -3 + -2?
4
Evaluate -2 - (-3 + 4 + -2).
-1
What is the value of -1 - 8 - (-62 - -57)?
-4
What is 3 - (10 - 4) - 1?
-4
What is (-1 - 2 - 0) + 4?
1
8 + (0 - (3 + 6))
-1
Evaluate -6 + 9 - 6 - (1 - 3).
-1
What is the value of (8 - 4) + 0 - 1?
3
What is the value of (-4 - -7) + -2 + (-2 - 3)?
-4
0 + -8 + 1 + 13
6
0 + (1 - (6 + -4)) + -8
-9
What is -4 - (0 - 5) - -2?
3
Calculate -1 + (0 + -1 - 1).
-3
What is the value of -8 - (2 - 2 - (7 - 2))?
-3
Calculate 1 + -6 + 21 + -14.
2
3 - (-5 - -2 - -4)
2
(-74 - -70) + 7 + 2 + -2
3
Evaluate 7 - (17 + -7 + -1).
-2
What is the value of 13 - (12 + 1) - 0?
0
What is the value of 9 + 12 + -24 + 9?
6
Evaluate (3 + -5 - 0) + -1 - 2.
-5
What is 6 - (-11 + 3 + 3 - -10)?
1
What is the value of 2 + (-11 + 1 - -3) - -5?
0
(15 - 14) + -10 + -1 + 7
-3
-4 + (5 - (-6 + 7 + 9))
-9
Evaluate (14 - 12) + -2 - (0 + 5).
-5
3 + -5 - (-1 - -3)
-4
Evaluate -3 + (-5 - -5) + 5 - 10.
-8
0 + -5 + (-5 - -15)
5
Calculate 91 + -80 + (-10 - 1).
0
What is the value of 11 - (2 + 5) - 10?
-6
Evaluate 1 - (-4 - -1 - (-20 + 11)).
-5
What is -8 - -5 - (-9 - -2)?
4
Evaluate 15 + -19 + 0 + 0 + -1.
-5
(-5 - 6) + (30 - 22)
-3
What is -8 + 0 - (-1 + 4 + -6)?
-5
(-2 - 1) + 2 + 7
6
Evaluate -6 + 11 - -1 - 8.
-2
Evaluate 0 + 1 + -11 + 0 + 7.
-3
Calculate 1 - -5 - (-1 - -1 - -4).
2
What is the value of (-1 - 1 - 0) + -1?
-3
Calculate -5 + -3 + -8 + (10 - -2).
-4
What is 9 + 5 + -12 - 12?
-10
What is the value of (17 - 7 - 7) + (-1 - 7)?
-5
Calculate (-4 - 0) + (-4 - -7).
-1
Evaluate -4 + (1 + -2 + 5 - 2).
-2
What is the value of 5 - (-5 + 7 + 7)?
-4
Calculate (27 - 31) + -3 + 3.
-4
Evaluate -26 + 36 - (-4 + 5).
9
What is the value of (-12 - -2) + (62 - 57)?
-5
Calculate 0 + (4 - 1) + -10 + 2.
-5
-5 + -3 + -40 + 43
-5
What is 0 - 2 - (0 + (-3 - 0))?
1
Evaluate 7 + (-5 - (0 - (0 - -3))).
5
-2 + 6 + -5 + 2 + -5
-4
What is the value of -1 - (-1 + -11) - 9?
2
What is the value of 11 - (-1 + 1 + 6)?
5
(0 - 0) + (-5 + 2 - -7)
4
What is 6 + -10 + 3 + 2 + 5?
6
20 + -16 + 8 - 9
3
Calculate (3 - 9 - (-3 + -2)) + -1.
-2
Calculate 5 - (1 - (5 + -4)).
5
(-7 - -6) + (5 - 8)
-4
Calculate (-41 - -46) + (-2 + 2 - 14).
-9
Evaluate -8 - -11 - (0 + 2).
1
Calculate (6 - 1) + 3 - 7.
1
Calculate (6 + -4 - -2) + -6 - 3.
-5
Calculate 2 + 2 + -4 - (7 + -6).
-1
Calculate (14 - 4 - 6) + -5.
-1
6 + -3 + -2 + (-1 - -1)
1
What is the value of (0 - -2) + 3 + -6 + 1?
0
Calculate (-3 - (-2 + -1)) + 18 + -18.
0
(7 - 2) + (-8 - -4)
1
Calculate 23 - 30 - ((0 - 1) + 3).
-9
Evaluate -2 + 6 - (3 - (-7 + 4)).
-2
Evaluate 5 + (-4 + 2 - -2).
5
What is the value of 0 + -4 + (0 - 3) - 0?
-7
What is the value of 6 + -2 + -6 + 5 - 3?
0
What is 5 + (66 + -59 - (12 + 1))?
-1
What is the value of 5 + -4 + (5 + -4 - 1)?
1
What is the value of (8 - 2 - 6) + 2?
2
What is the value of 5 - 3 - 1 - (1 + 1)?
-1
Calculate (1 - (-7 + -1)) + 0.
9
Calculate 10 + -3 + -2 - 4.
1
What is 7 + -2 + -2 + (-3 - -4)?
4
Calculate 0 + -5 + (7 - 2).
0
Calculate 0 + 4 + 1 + (-3 - 0).
2
What is 0 + (1 - -2 - 3) + -2?
-2
What is the value of 9 - (7 - ((0 - -3) + 0))?
5
Evaluate -1 + (-2 - (0 + -1 - -3)).
-5
0 + -2 + 2 - 0 - -5
5
Evaluate -1 - (-12 + -4 + 8 + 10).
-3
Calculate (4 + -6 - -3) + 1.
2
What is (-2 - 0) + (11 - 11) + 6?
4
-3 + 11 + (-1 - 2)
5
Calculate (-13 + -3 - -11) + -1 + 4.
-2
What is (38 - 40) + -1 + (2 - 2)?
-3
Calculate 7 + (-9 + 5 - -2).
5
Calculate -1 + 2 - 0 - (1 - -3).
-3
What is (4 - 3) + 2 + 1 + 0?
4
8 + -10 + (-1 - 0)
-3
What is the value of (-1 - (3 + 3 + -6)) + 3?
2
Calculate 5 + -7 + 11 + 1 + -5.
5
Evaluate -5 - (4 + 4 + -5).
-8
What is (1 - -6) + -5 + -5?
-3
What is -140 + 132 + 7 + -1?
-2
What is the value of 0 + -6 - (-10 + (-1 - -5))?
0
Calculate (5 - 3) + 2 + -7